 Determine y(d).
7
Let k = -34 + 40. Let g be (2/(-2))/(1/(-1)). Let y(d) = -g + 7 - 4*d + 3*d. Calculate y(k).
0
Let f(w) = -w + 6. Suppose s = -n, 2*n + 16 = s + 1. Suppose 19 = s*j + 4. Suppose 0 = -2*o + 9 + j. What is f(o)?
0
Let q(b) = b**3 + 4*b**2 + 2*b - 1. Let z be q(-3). Suppose 2*t = 2*r - z*t + 10, -1 = r - t. Let f(m) = m**3 - 3*m**2 - 4*m + 3. Determine f(r).
-9
Let w(y) = -2*y - 26. Suppose -5*b + 3*a - 8 - 71 = 0, -4*a = b + 2. Calculate w(b).
2
Let w(c) = 38*c**2 + 18*c + 9. Let u(t) = -16*t**2 - 8*t - 4. Let a(n) = 7*u(n) + 3*w(n). Calculate a(-4).
39
Let p(v) = -v. Let a(o) = -o. Let j(h) = 6*a(h) - 7*p(h). Let l(z) = z - 11. Let k be l(-4). Let b = k - -9. What is j(b)?
-6
Suppose 4*w - 4*n = 72, -35 = -w + 3*n - 7. Let h(v) = -v**3 + 14*v**2 - 12*v - 15. Calculate h(w).
-2
Suppose 0 = -5*q - 2*b + 116, -34*q + 19 = -33*q - b. Let l(w) = w**2 - 22*w - 9. Give l(q).
-9
Suppose -y - 148 = -145. Let z(o) = -4 + 7*o**2 + 11*o**2 - 19*o**2 - 3*o. What is z(y)?
-4
Let n(l) be the third derivative of l**5/30 + l**4/6 + 2*l**3/3 + 2*l**2. Let f be ((-30)/(-25))/((-4)/10*1). Give n(f).
10
Let v(x) be the second derivative of 1/6*x**4 + 0 + 46*x + 7/6*x**3 - x**2. Give v(-6).
28
Let a(j) = -2*j + 11. Let s = -9 + 18. Suppose 0 = -n - 0*n + s. What is a(n)?
-7
Let x(i) = -2*i + 12. Suppose 41*t + 16*t = 3*t. Let v(q) = q**3 + 3*q**2 - 6*q - 6. Let b be v(-4). Suppose t*s + 16 = b*s. What is x(s)?
-4
Let q be (-12)/(-18) - (-2)/6. Let t = q + -1. Suppose 5*v = u + 6, -4*u + 18 = v - t*u. Let l(o) = -2*o - 1. What is l(v)?
-5
Let r(i) = -3*i + 12. Let p(o) = 2*o - 5. Let y(m) = -5*p(m) - 2*r(m). Suppose -1 = 2*a - 3*a. Give y(a).
-3
Let i(z) = -5*z**2 - z. Let o(r) = 16*r + 191. Let h be o(-12). Determine i(h).
-4
Let v(u) = 5*u**2 + 27*u - 13. Let h(c) = -6*c**2 - 34*c + 15. Let q(i) = -4*h(i) - 5*v(i). Give q(6).
-25
Let a(m) = -2*m**3 + 23*m**2 + 3*m - 5. Let t(w) = -w - w + w**3 + 59 - 11*w**2 - 56. Let i(h) = -6*a(h) - 13*t(h). Calculate i(6).
3
Let n be -14 - -10 - (0 - -1). Let u(d) = 2*d + 7. What is u(n)?
-3
Let t(r) = -2*r**3 + 63*r**2 - 91*r + 37. Let m be t(30). Let l(g) be the third derivative of g**5/60 - g**4/6 - 4*g**3/3 + 3*g**2. Calculate l(m).
13
Let o(d) = -d**3 - d**2 - d - 6. Let j = 19 + -13. Let s(l) = 3*l - 18. Let c be s(j). Give o(c).
-6
Let x(h) = h - 2*h - 2 - 1. Let c be (-64)/(-32) + (-1 - 12/(-4)). Determine x(c).
-7
Let q(k) = 20 + 15*k - 5*k - 8*k. Determine q(-9).
2
Let g be 6/(-21) - ((-360)/35 - -5). Let h(l) be the second derivative of 3*l + 1/6*l**4 + 0 - 1/3*l**3 - 1/20*l**g + 3/2*l**2. Determine h(2).
-1
Let r(l) = l**3 + 4*l**2 - 3*l - 5. Suppose 0 = -5*x + 3*w + 15, -4*w - 1 - 19 = 4*x. Suppose 4 = b - x*b. Suppose 4 = 3*z - b*z. Calculate r(z).
7
Suppose 6 - 16 = 5*r - 5*q, 4*r = -3*q + 6. Suppose r*c - 18 = -3*c. Suppose 0 = c*d - 2*d. Let x(n) = -n**2 + n + 9. Give x(d).
9
Let c(x) = 2*x**3 - 12*x**2 - 13*x - 7. Let i(m) = 3*m**3 - 12*m**2 - 13*m - 9. Let k(b) = -4*c(b) + 3*i(b). Calculate k(-11).
-21
Let n(x) be the second derivative of -2/3*x**3 + 0*x**2 + 20*x + 0. What is n(-4)?
16
Let x(d) = -d**2 - 6*d + 10. Let w be 9 + 12/(-4) + -13. What is x(w)?
3
Let o(x) be the second derivative of -x**3/6 + 2*x**2 + 171*x + 2. Let z be 30/8 + (-1)/(-4). Determine o(z).
0
Let c(q) = -7*q + 1 - 14 + 5 + 5 - 7. Give c(-8).
46
Let u(b) be the third derivative of b**5/60 - b**4/24 + b**3/2 + 2*b**2. Suppose -4*h + 4*f - 3*f = -17, 3*h + 11 = -4*f. Give u(h).
9
Let g(i) = i**3 - 6*i**2 + 2*i + 9. Let a(x) = 2*x**3 - 13*x**2 + 6*x + 18. Let p(l) = -2*a(l) + 5*g(l). Give p(4).
1
Let p(s) = -s**3 + 4*s**2 + s + 7. Suppose -2*l + 10 = 2*z, 4*l + l - 5*z - 25 = 0. Calculate p(l).
-13
Let u = -2/107 + 539/214. Let d(g) be the first derivative of -1/3*g**3 + u*g**2 - 3*g - 8. Calculate d(6).
-9
Let p(v) be the third derivative of 12*v**2 + 0*v - 2/3*v**3 - 1/24*v**4 + 0. Give p(-7).
3
Let c(u) be the third derivative of -u**6/720 + u**5/12 - u**4/24 + 4*u**2. Let m(z) be the second derivative of c(z). Determine m(5).
5
Let v(j) = 4*j**3 - 4*j**3 + j**3 - 3*j - 3*j**2 + 2. Suppose -13*k - 315 = -354. Give v(k).
-7
Let d(s) be the second derivative of -s**5/60 - 5*s**4/24 - 2*s**3/3 + 7*s**2/2 + 10*s. Let p(t) be the first derivative of d(t). Give p(-4).
0
Let b(t) = t**3 + 7*t**2 - t + 8. Let m be -7*((-5)/10)/(2/(-4)). Give b(m).
15
Let b(o) = -o**3 - 6*o**2 + 7*o - 8. Let a = 435 + -442. What is b(a)?
-8
Suppose 44*s - 38*s - 42 = 0. Let a(b) be the third derivative of -b**4/24 - 2*b**3/3 - b**2. Give a(s).
-11
Let t(n) = n**2 - 11*n - 7. Let k be (-4)/(-1)*(3 - 0/2). Calculate t(k).
5
Let j = -77 + 44. Let c be (j/5)/((-7)/(-35)). Let l = c - -29. Let m(r) = -r**3 - 5*r**2 - 5*r - 3. Determine m(l).
1
Let s(z) = -z**3 - 5*z**2 - 6*z - 6. Suppose 5*o + 9 = -1. Let p be s(o). Let i(q) = -q + 1 - 3 + 0. What is i(p)?
4
Let n(l) = -l**3 + 7*l**2 - 5*l - 4. Let x be n(6). Suppose -3*i = -3*q, 0*q + x*q + 3*i - 10 = 0. Let b(c) = -5*c**q - 2*c**2 + 5*c**2 + 3*c - 1. What is b(3)?
-10
Let d(q) = 2 + q - 3 + q. Let n(y) = y**2 - 9*y + 12. Let l be n(8). Let k be l/(-1) - (1 - 2). Determine d(k).
-7
Let t(y) = 3*y**2 - 18*y. Let x be (-7 + -7)/(-7) + 4. Give t(x).
0
Suppose 4*f = c - 14 - 21, f + c + 10 = 0. Let i(w) = 3 - 4 + 14*w - 11 - 12*w - 4*w. What is i(f)?
6
Let i be (-4)/(-1*6/3). Let f(p) = 0*p - p + p**i - 7*p + 3 + 2*p. Let m be -2*(5/(-2) - 0). Determine f(m).
-2
Let x(g) be the second derivative of g**5/120 - 11*g**3/3 - 11*g. Let b(l) be the second derivative of x(l). What is b(-1)?
-1
Let r(d) = -d**3 - 4*d**2 + 2*d + 10. Suppose 0 = 5*b + 9*t - 4*t + 30, 0 = b - 5*t. Determine r(b).
25
Let s(f) = -f**3 - 11*f**2 + 3*f + 23. Let r = -793 + 782. Determine s(r).
-10
Suppose -8*t + 33 = 9. Let q(j) = -j - 3. Calculate q(t).
-6
Let q = -668 + 680. Let w(x) = -x**3 + 13*x**2 - 11*x - 3. Determine w(q).
9
Suppose -3*w - 14 + 29 = 0. Let s = 2 - 2. Let h(q) = s*q - 2*q - w*q + 1 - q + q**2. Give h(5).
-14
Let j = 247 - 245. Let w(d) be the third derivative of 0 + 1/12*d**4 - 1/60*d**5 + 0*d - j*d**2 + 1/6*d**3 + 1/120*d**6. Determine w(2).
9
Let x be (-5)/(-10)*0/2. Suppose -3*f + 6*s - s - 4 = 0, 5*s + 5 = x. Let w(u) = 2*u - 2. Give w(f).
-8
Let u(x) = -18*x**2 + 4*x - 3. Let v(q) = 18*q**2 - 3*q + 2. Let s(o) = -3*u(o) - 4*v(o). Calculate s(-1).
-17
Let d(g) = -3*g - 1. Let b = -61 - -55. Let f be (b/9 - -1)*-3. Calculate d(f).
2
Let g(o) = 3*o**3 - 14*o**2 + 2*o - 11. Let a(h) = 11*h**3 - 41*h**2 + 7*h - 33. Let r(q) = 2*a(q) - 7*g(q). Determine r(-16).
11
Let h(t) = -18*t + 9 + 6 - 1 - 5 - 10. Calculate h(1).
-19
Let d(y) = y**3 + 41*y**2 - 40*y + 89. Let j be d(-42). Let z(v) = 2*v**2 - 6*v + 5. What is z(j)?
25
Suppose -2*b = 4*i - 8, -b - 4*i + 2 + 4 = 0. Let p(m) = 0*m + 1 - b + 2*m**2 - 2 - 5*m. Suppose -v = -4*t + 4, 4*v - 5*t - 14 = -4*t. What is p(v)?
9
Let j(m) be the third derivative of -7*m**4/24 + m**3/3 + 41*m**2. What is j(-2)?
16
Let p(u) = 57*u**2 + 7 - 58*u**2 + 13*u + 0*u - 2*u. Calculate p(9).
25
Suppose 3*v - 22 = -4*o, 18*o = -2*v + 16*o + 14. Let i(n) = 3*n - 11. Calculate i(v).
7
Suppose 5*g = l - 19 + 4, 4*l = 3*g + 9. Let p(i) = -i**3 - i**2 + 3. What is p(l)?
3
Let q(l) be the third derivative of -4*l**2 + 0*l + 0 - 5/6*l**3 - 1/10*l**5 + 1/4*l**4 - 1/120*l**6. Let r be q(-7). Let t(x) = 4*x - 2. Give t(r).
6
Let c(s) be the third derivative of -s**5/60 - 5*s**4/24 + 17*s**3/6 - 25*s**2. Let r(k) be the first derivative of c(k). Give r(-8).
11
Let c(r) = 22*r + 96. Let v(n) = 21*n + 76. Let z(t) = -4*c(t) + 5*v(t). What is z(-2)?
-38
Let q(u) = -5*u**3 + u**2 - 1. Let p(a) = 9*a + 25. Let b be p(-6). Let f = b - -28. Give q(f).
5
Suppose 0 = -2*h + 6. Let s(r) be the first derivative of -r**2 - 48. Calculate s(h).
-6
Let u(a) = -a**3 - 4*a**2 + 5*a - 5. Let n be u(-5). Let r(f) be the second derivative of -f**5/20 - 5*f**4/12 - 2*f**3/3 - 2*f**2 + 40*f. What is r(n)?
16
Let w be 32/(-10) + (-4)/5. Let u be 1/(50/(-12) - w). Let t(x) = -x**3 - 6*x**2 - x - 7. Calculate t(u).
-1
Let j(u) = 2*u**2 - 2*u - 2. Let i(d) = d**2 - 3 + 2*d + 4 - 2 - 3*d. Let a(c) = -3*i(c) + 2*j(c). Suppose w = 5*w - 12. What is a(w)?
5
Suppose 6*d - 2 = 5*d. Let a(z) be the third derivative of 